actors of l(6)?
2, 23
Let l = 24 - 8. Let a(d) = 15*d - 158. Let n be a(15). Suppose 227 = 4*u + 5*v, 0 = u - 4*v - l - n. List the prime factors of u.
3, 7
Let g be 25806/238 - 3/7. Suppose 0 = -114*o + g*o + 2820. What are the prime factors of o?
2, 5, 47
Let n = -22 + 22. Suppose n = -h - 0*h - 5, 4*h + 54 = 2*y. Suppose -2*r = -5*x + y + 165, 0 = 2*x + 4*r - 68. What are the prime factors of x?
2, 3
Let c = 65 + -423. Let s = 515 + c. What are the prime factors of s?
157
Suppose -25*k + 20*k - 20 = 0. Let j(x) be the first derivative of -x**4/4 + 3*x**2/2 + 7*x + 1. List the prime factors of j(k).
59
Suppose -3*x + 1234 = -s, -s - 314 = 5*x - 2360. Let u = x - -126. What are the prime factors of u?
2, 67
Let h = -10978 - -28814. Suppose 0 = 16*q + 12*q - h. What are the prime factors of q?
7, 13
Suppose 799155 = 130*v + 11797 - 1182402. What are the prime factors of v?
2, 947
Let h = 8337 - -289. What are the prime factors of h?
2, 19, 227
Let c(s) = -9*s**2 - 1036*s + 219. List the prime factors of c(-71).
2, 7, 2029
Let z(n) = -2*n**3 - 8*n**2 + 4*n + 6. Suppose 3*k + 196 = 5*q - 92, 0 = -3*k + 3*q - 288. Let s = k + 91. What are the prime factors of z(s)?
2, 3
Suppose 111*p + 77*p - 13752012 = 0. List the prime factors of p.
3, 37, 659
Suppose v + 7*v = 781461 - 89221. List the prime factors of v.
2, 5, 17, 509
Let y = 0 - 8. Let p be (-1538)/y + (-9)/(-12). Suppose 3*x - p = 14. What are the prime factors of x?
3, 23
Let a = 21108 + -15441. List the prime factors of a.
3, 1889
Let y(g) = 178*g + 99. Let c(z) = 179*z + 97. Let r(l) = 3*c(l) - 2*y(l). List the prime factors of r(5).
2, 499
Let h(i) = -6*i**3 - i**2 + 12926. List the prime factors of h(0).
2, 23, 281
Suppose 1322733 = 37*p + 64*p - 1222972. What are the prime factors of p?
5, 71
Let a = 6266 + 302. List the prime factors of a.
2, 821
Let m(i) = 3*i**2 - 5*i - 40. Let x be m(-29). Let f = x + -1077. What are the prime factors of f?
3, 11, 47
Let f be (-3)/(-10) + (-74403)/(-90). Suppose 30*j = 33253 + f. What are the prime factors of j?
2, 71
Suppose 0 = -i - 2 + 5, -4*g - 2*i + 2018 = 0. Suppose -4*x - 509 = -4*p + g, 2*x - 514 = -2*p. What are the prime factors of p?
3, 5, 17
Let s = -2809 + 7008. List the prime factors of s.
13, 17, 19
Suppose 0 = 26*f - 1424844 - 255562. What are the prime factors of f?
7, 1319
Suppose 4*s = 246 + 178. Suppose -5*y - 4*q + 891 = s, -607 = -4*y + q. What are the prime factors of y?
3, 17
Let w = 161272 - 114813. List the prime factors of w.
7, 6637
Let o(z) = 3*z - 1. Let g be o(1). Suppose 0*y = y + 5*h - 57, -g*h = -2. Let x = 92 + y. List the prime factors of x.
2, 3
Let a(s) = 89*s - 53. Let p be ((-10)/10)/(2/(-12)). What are the prime factors of a(p)?
13, 37
Let n(q) = -13*q - 2*q + 1 - 5 - 4. Let b be n(-6). Suppose b = 3*h - 3*d - d, -5*h - 3*d = -185. List the prime factors of h.
2, 17
Let h be (0/8 + 3)/((-3)/(-4)). Suppose -4*b + b - 241 = -t, 3*b - 994 = -h*t. What are the prime factors of t?
13, 19
Let x be (-148)/(-12)*1 + (-2)/6. Suppose k + 4*y = x, -k = y - 0*y. What are the prime factors of 2830/50 - k/10?
3, 19
Suppose -1958*w = -1957*w + 2. What are the prime factors of ((-2)/(-4))/((w - -12)/24980)?
1249
Let j(n) = -31*n**3 - 8*n**2 - 2*n + 12. What are the prime factors of j(-3)?
3, 29
Let c(v) = -v**2 - 58*v + 12. Let t be c(-14). Suppose 576 + t = -2*a + d, 3012 = -5*a + 3*d. What are the prime factors of a/(-9)*42/35?
2, 5
Let s be 1/5 - 2268/140. Suppose -3*a + 4*i = 2*i - 76, 8 = 2*i. What are the prime factors of s/a + 2490/21?
2, 59
Let y(d) = 1024*d + 9670. What are the prime factors of y(12)?
2, 10979
Let y = 3533 - 2862. What are the prime factors of y?
11, 61
Suppose 23*w = -44*w - 603. Let l(k) = 609*k + 721. Let y(h) = 16*h + 19. Let d(p) = 2*l(p) - 77*y(p). What are the prime factors of d(w)?
3, 5, 7
Suppose 46*t - 382862 = -38552. What are the prime factors of t?
3, 5, 499
Let l(r) = -49*r**2 - 2*r**3 + 3*r**3 + r**3 + 2 + 55*r**2 + 3*r - r**3. Suppose 3*b + 10 = b. List the prime factors of l(b).
2, 3
Let c be (6/12 - 1)*(2 - 24). Suppose -2*d - 65 = -4*j + 3*d, 0 = j + 4*d - c. Suppose -658 = -j*v + 632. What are the prime factors of v?
2, 43
Suppose -206 = -4*u + 4210. Suppose 0*b + 23*b - u = 0. What are the prime factors of b?
2, 3
Let b(n) = 125*n - 49. Let s be b(-5). Let w = s - -1050. What are the prime factors of w?
2, 47
Let d(x) = -2141*x + 3678. What are the prime factors of d(-20)?
2, 67, 347
Let m = 4253 - -4172. List the prime factors of m.
5, 337
Let p be 76/304*(-104)/(-2). Let a(m) = -2 + 5 + m - 1. What are the prime factors of a(p)?
3, 5
Let v(l) = 62*l**2 + l + 8. Let c be v(2). Let i = c + -152. List the prime factors of i.
2, 53
Let c(m) = 204*m**2 - 5*m + 15. Let p be c(2). Let a = 1497 - p. What are the prime factors of a?
2, 13
Let k be ((-10)/3)/(50/(-60)). Suppose -3*r - k*u + 140 = -30, 3*r + 5*u = 166. List the prime factors of r.
2, 31
Let i = 47895 - 31275. What are the prime factors of i?
2, 3, 5, 277
Let u = 11912 - 8222. What are the prime factors of u?
2, 3, 5, 41
Let k = 14181 + 16614. What are the prime factors of k?
3, 5, 2053
Let i(j) = 4*j + 101. Let x be i(-25). What are the prime factors of (472 - (-10 - -6)) + x*-1?
5, 19
Suppose 3*y + 0*y - 27 = 0. Suppose -248 = 5*v - y*v. Suppose 0 = 4*c + 5*q - 106, -3*q - 4 = -3*c + v. List the prime factors of c.
2, 3
Let x(n) = n**3 - 5*n**2 - 10*n + 25. Let k be x(6). Let m(u) = 292*u**2 - 14*u. What are the prime factors of m(k)?
2, 139
Suppose -2130 = -6*n + 30. Let g = n - 332. List the prime factors of g.
2, 7
Let l(y) = 2 + 4 - 7*y**2 + 10*y - 14*y**3 - 4*y. Let s be l(-4). Suppose -5*q + 89 + s = 0. List the prime factors of q.
3, 19
Let q = -930 - -6109. List the prime factors of q.
5179
Let w(s) = -5*s**3 - s**2 + 3*s + 2. Suppose -6*l = 19 - 7. Let n be w(l). Let c = n + 186. What are the prime factors of c?
2, 109
Let k(u) = 2*u**2 - 19*u - 37. Let i be k(11). List the prime factors of i/14 + 25770/35.
2, 23
Suppose -3*v + 180492 = -220*h + 219*h, v = -h + 60156. What are the prime factors of v?
2, 3, 37, 271
List the prime factors of ((-2067)/(-52))/(5 - (-1158)/(-232)).
3, 29, 53
Let h(v) = 77*v**2 + 47*v + 270. List the prime factors of h(-25).
2, 3, 5, 787
Let f = 32157 - -349. What are the prime factors of f?
2, 16253
Let u(l) = -4*l - 5. Let z be u(-25). Suppose -j = c - 2*c - z, 3*j - 5*c - 285 = 0. What are the prime factors of j?
5, 19
Let x = 2196 - -1322. List the prime factors of x.
2, 1759
Let f(q) = q**3 + 8*q**2 + 23*q + 38. Let r(p) = -p - 10. Let w be r(-6). List the prime factors of f(w).
2, 5
List the prime factors of 61068/(-70)*-10 - -1.
5, 349
Let g(v) = 277*v - 235. What are the prime factors of g(37)?
2, 3, 1669
Let m = 13588 + -3599. What are the prime factors of m?
7, 1427
What are the prime factors of (10/4)/(-4 + (22276/5568 - 0))?
2, 3, 5, 29
Let v(m) = -42 + 82*m - 34 + 0. List the prime factors of v(7).
2, 3, 83
Let z = 85311 + -57129. What are the prime factors of z?
2, 3, 7, 11, 61
Let f be (-2)/(-5)*(-2 - -4 - -13). What are the prime factors of (182/3)/(5*f/225)?
5, 7, 13
What are the prime factors of 4 + (-5 - (-184104)/15) + 6/(-10)?
2, 13, 59
Let p be (-2 + 48/30)/((-2)/170). Suppose 47*a - p = 46*a. List the prime factors of 142*(a/85)/((-8)/(-10)).
71
Let c(v) = -2*v - 25. Let s be c(-17). Suppose -15*l = -s*l - 4452. Suppose 4*i + 2*h - l = 0, -5*h + 92 = 4*i - 659. List the prime factors of i.
2, 23
Let k = -8 + 13. Let y(m) be the third derivative of m**6/120 + m**5/60 - 5*m**4/12 - 5*m**3/6 - m**2. List the prime factors of y(k).
5, 19
Let s = 28287 + -10097. List the prime factors of s.
2, 5, 17, 107
Let l = 36 - 52. Let u = 41 - l. What are the prime factors of u?
3, 19
Suppose 74*c + 3212082 = 56*c + 69*c. List the prime factors of c.
2, 3, 3499
Let g be -84*5/80*52. Let f = -135 - g. List the prime factors of f.
2, 3, 23
Let d be 12/10*(-35)/(-2) - 0. Suppose -17*q - 2592 = -d*q. List the prime factors of q.
2, 3
List the prime factors of 1/(-11*(-10)/3279980).
2, 17, 877
Suppose 3085 = -n - 5*v, 0 = -2*n - 2*v - 1583 - 4571. List the prime factors of (-246)/n + 37496/50.
2, 3, 5
Let p = -7503 + 14543. What are the prime factors of p?
2, 5, 11
Let t be 